
31
Suppose 4*t - 5*u = 12, -2*u = -7*u. Let a be (27/(-18))/(t/8). Calculate the remainder when (-370)/(-8) + 1/a is divided by 12.
10
Calculate the remainder when 33 is divided by -1*5*(-117)/130*6.
6
Let f be (78/65)/(2/(-5)). Let b be (-2)/((-28)/(-8) + f). What is the remainder when (-315)/b - 14/(-56) is divided by 20?
19
Let t(s) = -7*s - 4 - 10 - 2*s**2 - 13*s + s**2. What is the remainder when t(-16) is divided by 13?
11
Let d = 47 + 140. What is the remainder when d is divided by 10?
7
Suppose -2*p = -s + 5*s - 20, s = -4*p + 5. What is the remainder when -4 + (1/(-2))/((-11)/198) is divided by s?
0
Suppose 0 = x + 4*m - 42, 7*m - 300 = -5*x + 5*m. What is the remainder when x is divided by 45?
17
Let z(w) = -3*w + 10. Let b be z(-7). Suppose 3*j - b = 86. Suppose 0*q - 293 = -4*q + 3*x, 0 = -3*q - x + 236. What is the remainder when q is divided by j?
38
Suppose 0 = 4*f - 3*j - 63, 57 = 3*f - 5*j - 4. Suppose -3*a + 10 = -a. Suppose -a*w = -91 - 19. What is the remainder when w is divided by f?
10
Suppose -6*y = -325 + 307. Let u(s) = s**3 + s - 1. Let m be u(2). Suppose h = m + y. Calculate the remainder when 21 is divided by h.
9
Let n = -424 + 506. What is the remainder when 817 is divided by n?
79
Suppose 0 = -4*h + 29 + 55. Suppose 6*o - 5*o = -185. Let p = -125 - o. What is the remainder when p is divided by h?
18
What is the remainder when 270/21*(12 + (-4 - 1)) is divided by 25?
15
Suppose -5*d + 10*d - 990 = 0. Suppose -4*b = w - d, -3*b + 0*b + 151 = 2*w. What is the remainder when b is divided by 13?
10
Let o(j) = -124*j**2 + j + 12 + 249*j**2 - 127*j**2. Calculate the remainder when 20 is divided by o(0).
8
Suppose 0*r + 2*r + 12 = 0. Let i(x) = x**3 - 6*x**2 + 10*x - 5. What is the remainder when ((-232)/r)/(8/12) is divided by i(5)?
18
Suppose o - 4 + 0 = 0. Calculate the remainder when (26 - 52)/(8/(-12)) is divided by o.
3
Let i = -1883 + 1983. Calculate the remainder when i is divided by 2.
0
Let s = -77 - -79. Let p(z) = z**2 + 4*z - 2. Let l be p(-5). Suppose -3*q + l*o + 23 = -7, -15 = -2*q + o. What is the remainder when q is divided by s?
1
Suppose -2*x + 593 = 5*z, -5*z + x + 592 = 4*x. Calculate the remainder when z is divided by (-1 - -2)*(-16 - -9) - -31.
23
Let f(q) = 16*q + 17. Calculate the remainder when 657 is divided by f(1).
30
Let u(z) = 7*z**2 - 18*z - 14. What is the remainder when 50 is divided by u(-1)?
6
Let u = -172 + 205. What is the remainder when u is divided by 12?
9
Let z(v) = -21*v - 104. Calculate the remainder when 285 is divided by z(-6).
21
Calculate the remainder when (-3 + 0)*(-81015)/99 is divided by 13.
11
Suppose 0 = -18*l + 143 + 307. What is the remainder when 422 is divided by l?
22
Suppose 0 = 4*z - 3*l + 10, 15 = -8*z + 3*z + 5*l. Calculate the remainder when z/(2/(-66)*3) is divided by 4.
3
Let r(a) = -6*a - 2. Let l(g) = 0 + 0 + 6*g - 1 + 2. Let t(f) = -3*l(f) - 2*r(f). What is the remainder when 51 is divided by t(-2)?
12
Suppose -2*j + 3 = -7. Suppose 3*h - j*v = -8*v + 93, -3*h - v + 101 = 0. What is the remainder when h is divided by 13?
9
Suppose 3*v = -2*v + 105. What is the remainder when (212/3)/(2/3) + -4 is divided by v?
18
Let r = -83 - -87. Let f(y) = 3*y**2 - 10*y + 3. What is the remainder when f(r) is divided by (14/8)/(1/4)?
4
Suppose 7*f - 921 = 199. What is the remainder when f is divided by 18?
16
Let d = -47 - -66. Let a(i) = -i - 75. Let s(m) = -m - 75. Let o(f) = -4*a(f) + 3*s(f). Calculate the remainder when o(0) is divided by d.
18
Let r(h) = 6*h + 2. Let i be r(-1). Let f be (2/i)/((-1)/158). Suppose 6*v - 341 = f. What is the remainder when v is divided by 36?
34
Suppose 0 = -72*r + 10861 + 8579. What is the remainder when r is divided by 91?
88
Let j = 1765 + -1696. What is the remainder when 1033 is divided by j?
67
Suppose -g - 10 = -q - 0*q, -4*q + 3*g = -38. Suppose -q*v + 6*v = -50. What is the remainder when v is divided by 14?
11
Let x(s) = s**2 - 27*s - 8. Let m be x(27). Let h(i) = i**3 + 10*i**2 + 15*i + 10. What is the remainder when 64 is divided by h(m)?
10
Let r = 87 + -59. Calculate the remainder when 81 is divided by r.
25
Suppose k = 4*h + 189 - 10, h = 3*k - 526. Calculate the remainder when k is divided by 41.
11
What is the remainder when 44 is divided by 2 - -5 - 468/(-26)?
19
Suppose 12221 = 48*a + 4205. Calculate the remainder when a is divided by 61.
45
Let r = -41 - -24. Let z = -21 + -9. Let s = r - z. What is the remainder when s is divided by 4?
1
Suppose -z + 12 = 2*z + 2*b, -3*b - 1 = -5*z. Suppose -36 = -q - o - 0*o, -4*q - z*o = -144. Calculate the remainder when q is divided by 10.
6
Let n = 382 + -277. Suppose v = 4*v - 36. Calculate the remainder when n is divided by v.
9
Suppose 10*k + 6 = 13*k, -3*x + 4*k = -247. What is the remainder when x is divided by 33?
19
Suppose 3 = 2*k - 97. Suppose 0 = -b - b + k. Suppose -3*d = 2*d - 245. Calculate the remainder when d is divided by b.
24
Let v(z) = 5*z**3 - 3*z + 1. What is the remainder when v(2) is divided by 36/(-27)*(-84)/8?
7
Let o(q) = -q**3 + 7*q**2 - 7*q + 3. Let m be (10/(-4))/((-1)/2). What is the remainder when 70 is divided by o(m)?
16
Let j = 31 + -17. Let d(t) = 26*t - 20. Let i be d(7). What is the remainder when 10/(-4)*i/(-15) is divided by j?
13
Suppose 0 = -7*j - 28 + 406. What is the remainder when j is divided by 19?
16
Suppose -835 = -16*u - 259. Calculate the remainder when 167 is divided by u.
23
Calculate the remainder when 4/((-16)/242)*(-19 + 17) is divided by (-123)/(-2)*(-4)/(-6).
39
Suppose -v + 2*v = 239. Suppose -9*k - 223 + 493 = 0. What is the remainder when v is divided by k?
29
Let w = 167 + -91. Suppose 2*d - 4*r = -0*d + 134, 0 = d - 5*r - w. Calculate the remainder when d is divided by 13.
9
Let g(y) = y**3 + y. Let w be g(-1). Let d be 6*w/(-3) - -2. Suppose 0*v = -d*v + 168. What is the remainder when 110 is divided by v?
26
Let z(r) = -r**3 - 5*r**2 + 11*r + 11. Suppose 0 = 5*h + 5*b + 45, 2*b = 3*h + b + 19. What is the remainder when 62 is divided by z(h)?
30
Suppose 12 = -4*u, -4*h - 5*u + 44 = -u. Let j = 94 - 40. What is the remainder when j is divided by h?
12
Suppose -5*p = -3*s - 485, -2*p - 16*s + 19*s = -203. Calculate the remainder when p is divided by (1/(1/19))/1.
18
Let w = 114 + -31. Calculate the remainder when w is divided by 12.
11
Suppose 46*t = 1348 - 244. Calculate the remainder when t is divided by 20.
4
Suppose 5*x = 10 + 120. Suppose 0 = 7*n - 4*n - y - 148, -4*n + 194 = 2*y. What is the remainder when n is divided by x?
23
Let f(p) = -p**2 - 13*p - 30. What is the remainder when 138 is divided by f(-8)?
8
Let a(m) = -m + 8. Let d = -13 + 3. Let f be a(d). Suppose h - 44 - f = 0. What is the remainder when h is divided by 21?
20
Suppose 0 = k + 5*q - 48, 2*k + 0*k - 31 = 3*q. Suppose -2*x - 3*o - 40 = 0, -3*o - k = 2*x - x. Let b = 52 - x. What is the remainder when b is divided by 24?
21
Let y = 819 + -801. Calculate the remainder when 171 is divided by y.
9
Calculate the remainder when 124 is divided by 170/255*(131/2 - 1).
38
Suppose 91 = 3*z - 539. What is the remainder when 125 is divided by (-3 - -1)/((-30)/z)?
13
Suppose 0 = -164*l + 154*l + 8140. What is the remainder when l is divided by 24?
22
Let r(q) = 3*q**2 - 8*q - 2. Suppose 4*k = -5*g + 85, 0 = -k - 0*g - g + 21. What is the remainder when r(6) is divided by k?
18
Suppose -2*u = -3*u + 3. Suppose 3*o + 9 - u = 0. Calculate the remainder when ((-82)/o)/(1/1) is divided by 22.
19
Let d be (20/(-12))/5 + 88/(-6). Calculate the remainder when (3 - (-65)/d)*-3 is divided by 1.
0
Suppose -4*l = -2*l - 2*x, 0 = l - 2*x + 2. Suppose l*o - 32 = o. Calculate the remainder when o is divided by 11.
10
Let d(s) = 2*s**3 + s**2 + 4*s - 1. Let n be d(-3). Let c = 98 + n. Let q = c - 24. What is the remainder when 62 is divided by q?
14
Let s = -6 + 11. Suppose -4 = -3*i - s*c + 3*c, -5*i - c = -16. Suppose 4*k = -2*t + 22, i*k + 34 = 2*t + 2*k. Calculate the remainder when 89 is divided by t.
14
What is the remainder when (-11 + 13)*31/2 is divided by 6?
1
Let n(f) = f**3 + f**2 - f + 3. Let j be n(0). Suppose 0 = j*o - 0*o. Suppose l + o*l = 17. Calculate the remainder when 46 is divided by l.
12
Suppose 49*b - 40*b = 8595. Calculate the rema